{"id":224,"date":"2010-02-27T16:05:08","date_gmt":"2010-02-27T14:05:08","guid":{"rendered":"http:\/\/www.friseurstudio-raupp.de\/wp\/?page_id=224"},"modified":"2017-11-03T00:03:13","modified_gmt":"2017-11-02T22:03:13","slug":"das-studio","status":"publish","type":"page","link":"http:\/\/www.friseurstudio-raupp.de\/wp\/?page_id=224","title":{"rendered":"Das Studio"},"content":{"rendered":"<p style=\"text-align: center;\"><a href=\"http:\/\/www.friseurstudio-raupp.de\/wp\/wp-content\/uploads\/2010\/01\/IMG_5119.jpg\" rel=\"lightbox[224]\"><img loading=\"lazy\" decoding=\"async\" title=\"Friseurstudio Nicole Raupp\" src=\"http:\/\/www.friseurstudio-raupp.de\/wp\/wp-content\/uploads\/2010\/01\/IMG_5119_5002.jpg\" alt=\"Friseurstudio Nicole Raupp\" width=\"226\" height=\"169\" align=\"center\" border=\"0\" \/><\/a><\/p>\n<p>&nbsp;<\/p>\n<p style=\"text-align: center;\">Unser Verkaufsraum bietet f\u00fcr jeden Haartyp die passende Pflegeserie. Wir arbeiten haupts\u00e4chlich mit ALCINA Produkten. Von pflegenden Shampoos bis hin zu tollen Stylingprodukten ist f\u00fcr jeden etwas passendes dabei.<\/p>\n<p>&nbsp;<\/p>\n<p style=\"text-align: center;\"><a href=\"http:\/\/www.friseurstudio-raupp.de\/wp\/wp-content\/uploads\/2010\/01\/IMG_5098.jpg\" rel=\"lightbox[224]\"><img loading=\"lazy\" decoding=\"async\" class=\"size-full wp-image-125 alignnone\" title=\"Friseurstudio Nicole Raupp - Verkaufsraum\" src=\"http:\/\/www.friseurstudio-raupp.de\/wp\/wp-content\/uploads\/2010\/01\/IMG_5098_5002.jpg\" alt=\"Friseurstudio Nicole Raupp - Verkaufsraum\" width=\"233\" height=\"350\" align=\"center\" border=\"0\" srcset=\"http:\/\/www.friseurstudio-raupp.de\/wp\/wp-content\/uploads\/2010\/01\/IMG_5098_5002.jpg 233w, http:\/\/www.friseurstudio-raupp.de\/wp\/wp-content\/uploads\/2010\/01\/IMG_5098_5002-199x300.jpg 199w\" sizes=\"auto, (max-width: 233px) 100vw, 233px\" \/><\/a><\/p>\n<p>&nbsp;<\/p>\n<p style=\"text-align: center;\">Durch die Terminarbeit entstehen unseren Kunden kaum Wartezeiten, aber wenn es doch mal vorkommt, l\u00e4dt unser gem\u00fctlicher Wartebereich zum verweilen ein.<\/p>\n<p>&nbsp;<\/p>\n<p style=\"text-align: center;\"><a href=\"http:\/\/www.friseurstudio-raupp.de\/wp\/wp-content\/uploads\/2017\/11\/063A4807_layer.jpg\" rel=\"lightbox[224]\"><img loading=\"lazy\" decoding=\"async\" class=\"wp-image-781 aligncenter\" src=\"http:\/\/www.friseurstudio-raupp.de\/wp\/wp-content\/uploads\/2017\/11\/063A4807_layer.jpg\" alt=\"\" width=\"233\" height=\"350\" srcset=\"http:\/\/www.friseurstudio-raupp.de\/wp\/wp-content\/uploads\/2017\/11\/063A4807_layer.jpg 333w, http:\/\/www.friseurstudio-raupp.de\/wp\/wp-content\/uploads\/2017\/11\/063A4807_layer-200x300.jpg 200w\" sizes=\"auto, (max-width: 233px) 100vw, 233px\" \/><\/a><\/p>\n<p>&nbsp;<\/p>\n<p style=\"text-align: center;\"><a href=\"http:\/\/www.friseurstudio-raupp.de\/wp\/wp-content\/uploads\/2017\/11\/063A4790_layer.jpg\" rel=\"lightbox[224]\"><img loading=\"lazy\" decoding=\"async\" class=\"wp-image-780 aligncenter\" src=\"http:\/\/www.friseurstudio-raupp.de\/wp\/wp-content\/uploads\/2017\/11\/063A4790_layer.jpg\" alt=\"\" width=\"233\" height=\"350\" srcset=\"http:\/\/www.friseurstudio-raupp.de\/wp\/wp-content\/uploads\/2017\/11\/063A4790_layer.jpg 333w, http:\/\/www.friseurstudio-raupp.de\/wp\/wp-content\/uploads\/2017\/11\/063A4790_layer-200x300.jpg 200w\" sizes=\"auto, (max-width: 233px) 100vw, 233px\" \/><\/a><\/p>\n<p>&nbsp;<\/p>\n<p style=\"text-align: center;\">Unsere Kunden verw\u00f6hnen wir gerne mit einem leckeren Kaffee. F\u00fcr die, die keinen Kaffee trinken, haben wir auch verschiedene Teesorten. Auch kalte Getr\u00e4nke stehen zur Verf\u00fcgung.<\/p>\n<p>&nbsp;<\/p>\n<p style=\"text-align: center;\"><a href=\"http:\/\/www.friseurstudio-raupp.de\/wp\/wp-content\/uploads\/2017\/11\/063A4797_layer.jpg\" rel=\"lightbox[224]\"><img loading=\"lazy\" decoding=\"async\" class=\"aligncenter wp-image-784\" src=\"http:\/\/www.friseurstudio-raupp.de\/wp\/wp-content\/uploads\/2017\/11\/063A4797_layer.jpg\" alt=\"\" width=\"233\" height=\"350\" srcset=\"http:\/\/www.friseurstudio-raupp.de\/wp\/wp-content\/uploads\/2017\/11\/063A4797_layer.jpg 333w, http:\/\/www.friseurstudio-raupp.de\/wp\/wp-content\/uploads\/2017\/11\/063A4797_layer-200x300.jpg 200w\" sizes=\"auto, (max-width: 233px) 100vw, 233px\" \/><\/a><\/p>\n<p>&nbsp;<\/p>\n<p style=\"text-align: center;\">Hier m\u00f6chten wir unsere Kundschaft mit angenehmen Kopfmassagen verw\u00f6hnen.<\/p>\n<p>&nbsp;<\/p>\n<p style=\"text-align: center;\"><a href=\"http:\/\/www.friseurstudio-raupp.de\/wp\/wp-content\/uploads\/2010\/01\/IMG_5073.jpg\" rel=\"lightbox[224]\"><img loading=\"lazy\" decoding=\"async\" class=\"aligncenter size-full wp-image-80\" title=\"Friseurstudio Nicole Raupp - Kopfmassagen\" src=\"http:\/\/www.friseurstudio-raupp.de\/wp\/wp-content\/uploads\/2010\/01\/IMG_5073_500.jpg\" alt=\"Friseurstudio Nicole Raupp - Kopfmassagen\" width=\"234\" height=\"351\" align=\"center\" border=\"0\" srcset=\"http:\/\/www.friseurstudio-raupp.de\/wp\/wp-content\/uploads\/2010\/01\/IMG_5073_500.jpg 334w, http:\/\/www.friseurstudio-raupp.de\/wp\/wp-content\/uploads\/2010\/01\/IMG_5073_500-200x300.jpg 200w\" sizes=\"auto, (max-width: 234px) 100vw, 234px\" \/><\/a><\/p>\n<p>&nbsp;<\/p>\n<p style=\"text-align: center;\">Auch die Wimpern oder die Augenbrauen werden hier versch\u00f6nert.<\/p>\n<p>&nbsp;<\/p>\n<p style=\"text-align: center;\"><a href=\"http:\/\/www.friseurstudio-raupp.de\/wp\/wp-content\/uploads\/2010\/01\/IMG_5131.jpg\" rel=\"lightbox[224]\"><img loading=\"lazy\" decoding=\"async\" class=\"aligncenter size-full wp-image-84\" title=\"Friseurstudio Nicole Raupp - Alcina\" src=\"http:\/\/www.friseurstudio-raupp.de\/wp\/wp-content\/uploads\/2010\/01\/IMG_5131_500.jpg\" alt=\"Friseurstudio Nicole Raupp - Alcina\" width=\"234\" height=\"351\" align=\"center\" border=\"0\" \/><\/a><\/p>\n<p>&nbsp;<\/p>\n<p style=\"text-align: center;\">Der Salon hat acht Bedienungspl\u00e4tze und ist durch die offene Bauweise sehr ger\u00e4umig.<\/p>\n<p>&nbsp;<\/p>\n<p style=\"text-align: center;\"><a href=\"http:\/\/www.friseurstudio-raupp.de\/wp\/wp-content\/uploads\/2010\/01\/IMG_5126.jpg\" rel=\"lightbox[224]\"><img loading=\"lazy\" decoding=\"async\" class=\"aligncenter size-full wp-image-96\" title=\"Friseurstudio Nicole Raupp - Bedienungspl\u00e4tze\" src=\"http:\/\/www.friseurstudio-raupp.de\/wp\/wp-content\/uploads\/2010\/01\/IMG_5126_500.jpg\" alt=\"Friseurstudio Nicole Raupp - Bedienungspl\u00e4tze\" width=\"500\" height=\"334\" align=\"center\" border=\"0\" srcset=\"http:\/\/www.friseurstudio-raupp.de\/wp\/wp-content\/uploads\/2010\/01\/IMG_5126_500.jpg 500w, http:\/\/www.friseurstudio-raupp.de\/wp\/wp-content\/uploads\/2010\/01\/IMG_5126_500-300x200.jpg 300w\" sizes=\"auto, (max-width: 500px) 100vw, 500px\" \/><\/a><\/p>\n<p>&nbsp;<\/p>\n<p style=\"text-align: center;\"><a href=\"http:\/\/www.friseurstudio-raupp.de\/wp\/wp-content\/uploads\/2017\/11\/063A4806_layer.jpg\" rel=\"lightbox[224]\"><img loading=\"lazy\" decoding=\"async\" class=\"aligncenter wp-image-790\" src=\"http:\/\/www.friseurstudio-raupp.de\/wp\/wp-content\/uploads\/2017\/11\/063A4806_layer.jpg\" alt=\"\" width=\"233\" height=\"350\" srcset=\"http:\/\/www.friseurstudio-raupp.de\/wp\/wp-content\/uploads\/2017\/11\/063A4806_layer.jpg 333w, http:\/\/www.friseurstudio-raupp.de\/wp\/wp-content\/uploads\/2017\/11\/063A4806_layer-200x300.jpg 200w\" sizes=\"auto, (max-width: 233px) 100vw, 233px\" \/><\/a><\/p>\n<p>&nbsp;<\/p>\n<p style=\"text-align: center;\"><a href=\"http:\/\/www.friseurstudio-raupp.de\/wp\/wp-content\/uploads\/2017\/11\/063A4803_layer.jpg\" rel=\"lightbox[224]\"><img loading=\"lazy\" decoding=\"async\" class=\"aligncenter wp-image-788\" src=\"http:\/\/www.friseurstudio-raupp.de\/wp\/wp-content\/uploads\/2017\/11\/063A4803_layer.jpg\" alt=\"\" width=\"350\" height=\"233\" srcset=\"http:\/\/www.friseurstudio-raupp.de\/wp\/wp-content\/uploads\/2017\/11\/063A4803_layer.jpg 500w, http:\/\/www.friseurstudio-raupp.de\/wp\/wp-content\/uploads\/2017\/11\/063A4803_layer-300x200.jpg 300w\" sizes=\"auto, (max-width: 350px) 100vw, 350px\" \/><\/a><\/p>\n<p>&nbsp;<\/p>\n<p style=\"text-align: center;\"><a href=\"http:\/\/www.friseurstudio-raupp.de\/wp\/wp-content\/uploads\/2017\/11\/063A4804_layer.jpg\" rel=\"lightbox[224]\"><img loading=\"lazy\" decoding=\"async\" class=\"aligncenter wp-image-789\" src=\"http:\/\/www.friseurstudio-raupp.de\/wp\/wp-content\/uploads\/2017\/11\/063A4804_layer.jpg\" alt=\"\" width=\"233\" height=\"350\" srcset=\"http:\/\/www.friseurstudio-raupp.de\/wp\/wp-content\/uploads\/2017\/11\/063A4804_layer.jpg 333w, http:\/\/www.friseurstudio-raupp.de\/wp\/wp-content\/uploads\/2017\/11\/063A4804_layer-200x300.jpg 200w\" sizes=\"auto, (max-width: 233px) 100vw, 233px\" \/><\/a><\/p>\n<p>&nbsp;<\/p>\n<p style=\"text-align: center;\"><a href=\"http:\/\/www.friseurstudio-raupp.de\/wp\/wp-content\/uploads\/2017\/11\/063A4799_layer.jpg\" rel=\"lightbox[224]\"><img loading=\"lazy\" decoding=\"async\" class=\"aligncenter wp-image-787\" src=\"http:\/\/www.friseurstudio-raupp.de\/wp\/wp-content\/uploads\/2017\/11\/063A4799_layer.jpg\" alt=\"\" width=\"233\" height=\"350\" srcset=\"http:\/\/www.friseurstudio-raupp.de\/wp\/wp-content\/uploads\/2017\/11\/063A4799_layer.jpg 333w, http:\/\/www.friseurstudio-raupp.de\/wp\/wp-content\/uploads\/2017\/11\/063A4799_layer-200x300.jpg 200w\" sizes=\"auto, (max-width: 233px) 100vw, 233px\" \/><\/a><\/p>\n<p>&nbsp;<\/p>\n","protected":false},"excerpt":{"rendered":"<p>&nbsp; Unser Verkaufsraum bietet f\u00fcr jeden Haartyp die passende Pflegeserie. Wir arbeiten haupts\u00e4chlich mit ALCINA Produkten. Von pflegenden Shampoos bis hin zu tollen Stylingprodukten ist f\u00fcr jeden etwas passendes dabei. &nbsp; &nbsp; Durch die Terminarbeit entstehen unseren Kunden kaum Wartezeiten, aber wenn es doch mal vorkommt, l\u00e4dt unser gem\u00fctlicher Wartebereich zum verweilen ein. &nbsp; &nbsp; [&hellip;]<\/p>\n","protected":false},"author":1,"featured_media":0,"parent":132,"menu_order":0,"comment_status":"open","ping_status":"open","template":"","meta":{"footnotes":""},"class_list":["post-224","page","type-page","status-publish","hentry"],"jetpack_sharing_enabled":true,"jetpack_shortlink":"https:\/\/wp.me\/P3pyVL-3C","_links":{"self":[{"href":"http:\/\/www.friseurstudio-raupp.de\/wp\/index.php?rest_route=\/wp\/v2\/pages\/224","targetHints":{"allow":["GET"]}}],"collection":[{"href":"http:\/\/www.friseurstudio-raupp.de\/wp\/index.php?rest_route=\/wp\/v2\/pages"}],"about":[{"href":"http:\/\/www.friseurstudio-raupp.de\/wp\/index.php?rest_route=\/wp\/v2\/types\/page"}],"author":[{"embeddable":true,"href":"http:\/\/www.friseurstudio-raupp.de\/wp\/index.php?rest_route=\/wp\/v2\/users\/1"}],"replies":[{"embeddable":true,"href":"http:\/\/www.friseurstudio-raupp.de\/wp\/index.php?rest_route=%2Fwp%2Fv2%2Fcomments&post=224"}],"version-history":[{"count":19,"href":"http:\/\/www.friseurstudio-raupp.de\/wp\/index.php?rest_route=\/wp\/v2\/pages\/224\/revisions"}],"predecessor-version":[{"id":793,"href":"http:\/\/www.friseurstudio-raupp.de\/wp\/index.php?rest_route=\/wp\/v2\/pages\/224\/revisions\/793"}],"up":[{"embeddable":true,"href":"http:\/\/www.friseurstudio-raupp.de\/wp\/index.php?rest_route=\/wp\/v2\/pages\/132"}],"wp:attachment":[{"href":"http:\/\/www.friseurstudio-raupp.de\/wp\/index.php?rest_route=%2Fwp%2Fv2%2Fmedia&parent=224"}],"curies":[{"name":"wp","href":"https:\/\/api.w.org\/{rel}","templated":true}]}}

<p style="text-align: center;"><a href="http://www.friseurstudio-raupp.de/wp/wp-content/uploads/2010/01/IMG_5119.jpg" rel="lightbox[224]"><img loading="lazy" decoding="async" title="Friseurstudio Nicole Raupp" src="http://www.friseurstudio-raupp.de/wp/wp-content/uploads/2010/01/IMG_5119_5002.jpg" alt="Friseurstudio Nicole Raupp" width="226" height="169" align="center" border="0" /></a></p>
<p>&nbsp;</p>
<p style="text-align: center;">Unser Verkaufsraum bietet für jeden Haartyp die passende Pflegeserie. Wir arbeiten hauptsächlich mit ALCINA Produkten. Von pflegenden Shampoos bis hin zu tollen Stylingprodukten ist für jeden etwas passendes dabei.</p>
<p>&nbsp;</p>
<p style="text-align: center;"><a href="http://www.friseurstudio-raupp.de/wp/wp-content/uploads/2010/01/IMG_5098.jpg" rel="lightbox[224]"><img loading="lazy" decoding="async" class="size-full wp-image-125 alignnone" title="Friseurstudio Nicole Raupp - Verkaufsraum" src="http://www.friseurstudio-raupp.de/wp/wp-content/uploads/2010/01/IMG_5098_5002.jpg" alt="Friseurstudio Nicole Raupp - Verkaufsraum" width="233" height="350" align="center" border="0" srcset="http://www.friseurstudio-raupp.de/wp/wp-content/uploads/2010/01/IMG_5098_5002.jpg 233w, http://www.friseurstudio-raupp.de/wp/wp-content/uploads/2010/01/IMG_5098_5002-199x300.jpg 199w" sizes="auto, (max-width: 233px) 100vw, 233px" /></a></p>
<p>&nbsp;</p>
<p style="text-align: center;">Durch die Terminarbeit entstehen unseren Kunden kaum Wartezeiten, aber wenn es doch mal vorkommt, lädt unser gemütlicher Wartebereich zum verweilen ein.</p>
<p>&nbsp;</p>
<p style="text-align: center;"><a href="http://www.friseurstudio-raupp.de/wp/wp-content/uploads/2017/11/063A4807_layer.jpg" rel="lightbox[224]"><img loading="lazy" decoding="async" class="wp-image-781 aligncenter" src="http://www.friseurstudio-raupp.de/wp/wp-content/uploads/2017/11/063A4807_layer.jpg" alt="" width="233" height="350" srcset="http://www.friseurstudio-raupp.de/wp/wp-content/uploads/2017/11/063A4807_layer.jpg 333w, http://www.friseurstudio-raupp.de/wp/wp-content/uploads/2017/11/063A4807_layer-200x300.jpg 200w" sizes="auto, (max-width: 233px) 100vw, 233px" /></a></p>
<p>&nbsp;</p>
<p style="text-align: center;"><a href="http://www.friseurstudio-raupp.de/wp/wp-content/uploads/2017/11/063A4790_layer.jpg" rel="lightbox[224]"><img loading="lazy" decoding="async" class="wp-image-780 aligncenter" src="http://www.friseurstudio-raupp.de/wp/wp-content/uploads/2017/11/063A4790_layer.jpg" alt="" width="233" height="350" srcset="http://www.friseurstudio-raupp.de/wp/wp-content/uploads/2017/11/063A4790_layer.jpg 333w, http://www.friseurstudio-raupp.de/wp/wp-content/uploads/2017/11/063A4790_layer-200x300.jpg 200w" sizes="auto, (max-width: 233px) 100vw, 233px" /></a></p>
<p>&nbsp;</p>
<p style="text-align: center;">Unsere Kunden verwöhnen wir gerne mit einem leckeren Kaffee. Für die, die keinen Kaffee trinken, haben wir auch verschiedene Teesorten. Auch kalte Getränke stehen zur Verfügung.</p>
<p>&nbsp;</p>
<p style="text-align: center;"><a href="http://www.friseurstudio-raupp.de/wp/wp-content/uploads/2017/11/063A4797_layer.jpg" rel="lightbox[224]"><img loading="lazy" decoding="async" class="aligncenter wp-image-784" src="http://www.friseurstudio-raupp.de/wp/wp-content/uploads/2017/11/063A4797_layer.jpg" alt="" width="233" height="350" srcset="http://www.friseurstudio-raupp.de/wp/wp-content/uploads/2017/11/063A4797_layer.jpg 333w, http://www.friseurstudio-raupp.de/wp/wp-content/uploads/2017/11/063A4797_layer-200x300.jpg 200w" sizes="auto, (max-width: 233px) 100vw, 233px" /></a></p>
<p>&nbsp;</p>
<p style="text-align: center;">Hier möchten wir unsere Kundschaft mit angenehmen Kopfmassagen verwöhnen.</p>
<p>&nbsp;</p>
<p style="text-align: center;"><a href="http://www.friseurstudio-raupp.de/wp/wp-content/uploads/2010/01/IMG_5073.jpg" rel="lightbox[224]"><img loading="lazy" decoding="async" class="aligncenter size-full wp-image-80" title="Friseurstudio Nicole Raupp - Kopfmassagen" src="http://www.friseurstudio-raupp.de/wp/wp-content/uploads/2010/01/IMG_5073_500.jpg" alt="Friseurstudio Nicole Raupp - Kopfmassagen" width="234" height="351" align="center" border="0" srcset="http://www.friseurstudio-raupp.de/wp/wp-content/uploads/2010/01/IMG_5073_500.jpg 334w, http://www.friseurstudio-raupp.de/wp/wp-content/uploads/2010/01/IMG_5073_500-200x300.jpg 200w" sizes="auto, (max-width: 234px) 100vw, 234px" /></a></p>
<p>&nbsp;</p>
<p style="text-align: center;">Auch die Wimpern oder die Augenbrauen werden hier verschönert.</p>
<p>&nbsp;</p>
<p style="text-align: center;"><a href="http://www.friseurstudio-raupp.de/wp/wp-content/uploads/2010/01/IMG_5131.jpg" rel="lightbox[224]"><img loading="lazy" decoding="async" class="aligncenter size-full wp-image-84" title="Friseurstudio Nicole Raupp - Alcina" src="http://www.friseurstudio-raupp.de/wp/wp-content/uploads/2010/01/IMG_5131_500.jpg" alt="Friseurstudio Nicole Raupp - Alcina" width="234" height="351" align="center" border="0" /></a></p>
<p>&nbsp;</p>
<p style="text-align: center;">Der Salon hat acht Bedienungsplätze und ist durch die offene Bauweise sehr geräumig.</p>
<p>&nbsp;</p>
<p style="text-align: center;"><a href="http://www.friseurstudio-raupp.de/wp/wp-content/uploads/2010/01/IMG_5126.jpg" rel="lightbox[224]"><img loading="lazy" decoding="async" class="aligncenter size-full wp-image-96" title="Friseurstudio Nicole Raupp - Bedienungsplätze" src="http://www.friseurstudio-raupp.de/wp/wp-content/uploads/2010/01/IMG_5126_500.jpg" alt="Friseurstudio Nicole Raupp - Bedienungsplätze" width="500" height="334" align="center" border="0" srcset="http://www.friseurstudio-raupp.de/wp/wp-content/uploads/2010/01/IMG_5126_500.jpg 500w, http://www.friseurstudio-raupp.de/wp/wp-content/uploads/2010/01/IMG_5126_500-300x200.jpg 300w" sizes="auto, (max-width: 500px) 100vw, 500px" /></a></p>
<p>&nbsp;</p>
<p style="text-align: center;"><a href="http://www.friseurstudio-raupp.de/wp/wp-content/uploads/2017/11/063A4806_layer.jpg" rel="lightbox[224]"><img loading="lazy" decoding="async" class="aligncenter wp-image-790" src="http://www.friseurstudio-raupp.de/wp/wp-content/uploads/2017/11/063A4806_layer.jpg" alt="" width="233" height="350" srcset="http://www.friseurstudio-raupp.de/wp/wp-content/uploads/2017/11/063A4806_layer.jpg 333w, http://www.friseurstudio-raupp.de/wp/wp-content/uploads/2017/11/063A4806_layer-200x300.jpg 200w" sizes="auto, (max-width: 233px) 100vw, 233px" /></a></p>
<p>&nbsp;</p>
<p style="text-align: center;"><a href="http://www.friseurstudio-raupp.de/wp/wp-content/uploads/2017/11/063A4803_layer.jpg" rel="lightbox[224]"><img loading="lazy" decoding="async" class="aligncenter wp-image-788" src="http://www.friseurstudio-raupp.de/wp/wp-content/uploads/2017/11/063A4803_layer.jpg" alt="" width="350" height="233" srcset="http://www.friseurstudio-raupp.de/wp/wp-content/uploads/2017/11/063A4803_layer.jpg 500w, http://www.friseurstudio-raupp.de/wp/wp-content/uploads/2017/11/063A4803_layer-300x200.jpg 300w" sizes="auto, (max-width: 350px) 100vw, 350px" /></a></p>
<p>&nbsp;</p>
<p style="text-align: center;"><a href="http://www.friseurstudio-raupp.de/wp/wp-content/uploads/2017/11/063A4804_layer.jpg" rel="lightbox[224]"><img loading="lazy" decoding="async" class="aligncenter wp-image-789" src="http://www.friseurstudio-raupp.de/wp/wp-content/uploads/2017/11/063A4804_layer.jpg" alt="" width="233" height="350" srcset="http://www.friseurstudio-raupp.de/wp/wp-content/uploads/2017/11/063A4804_layer.jpg 333w, http://www.friseurstudio-raupp.de/wp/wp-content/uploads/2017/11/063A4804_layer-200x300.jpg 200w" sizes="auto, (max-width: 233px) 100vw, 233px" /></a></p>
<p>&nbsp;</p>
<p style="text-align: center;"><a href="http://www.friseurstudio-raupp.de/wp/wp-content/uploads/2017/11/063A4799_layer.jpg" rel="lightbox[224]"><img loading="lazy" decoding="async" class="aligncenter wp-image-787" src="http://www.friseurstudio-raupp.de/wp/wp-content/uploads/2017/11/063A4799_layer.jpg" alt="" width="233" height="350" srcset="http://www.friseurstudio-raupp.de/wp/wp-content/uploads/2017/11/063A4799_layer.jpg 333w, http://www.friseurstudio-raupp.de/wp/wp-content/uploads/2017/11/063A4799_layer-200x300.jpg 200w" sizes="auto, (max-width: 233px) 100vw, 233px" /></a></p>
<p>&nbsp;</p>

<p>&nbsp; Unser Verkaufsraum bietet für jeden Haartyp die passende Pflegeserie. Wir arbeiten hauptsächlich mit ALCINA Produkten. Von pflegenden Shampoos bis hin zu tollen Stylingprodukten ist für jeden etwas passendes dabei. &nbsp; &nbsp; Durch die Terminarbeit entstehen unseren Kunden kaum Wartezeiten, aber wenn es doch mal vorkommt, lädt unser gemütlicher Wartebereich zum verweilen ein. &nbsp; &nbsp; [&hellip;]</p>
